) = -c**3 - 94*c**2 + 2425*c + 27. What is k(21)?
237
Let f(h) = -h**2 - 595*h + 11767. Determine f(19).
101
Let v(w) = 134*w + 4376. Calculate v(-42).
-1252
Let v(a) = 26216*a + 943999. What is v(-36)?
223
Let y(t) = -29964*t + 988797. Give y(33).
-15
Let y(x) = 824665*x - 3298686. Determine y(4).
-26
Let g(x) = x**3 + 31*x**2 + 382*x + 2444. Give g(-17).
-4
Let o(p) = 315*p**2 - 114346*p + 332. Give o(363).
-31
Let k(x) = 7*x**2 - 5939*x + 371499. Give k(68).
15
Let w(b) = -21*b**2 + 168*b + 999. Determine w(-7).
-1206
Let n(b) = -267*b**2 + 17354*b + 76. Give n(65).
11
Let n(k) = 13*k**2 + 70*k - 35. What is n(-7)?
112
Let r(i) = -167844*i + 3189036. Calculate r(19).
0
Let h(r) = r**3 + 27*r**2 - 80*r + 302. Determine h(-30).
2
Let w(g) = 4*g**2 + 167389*g - 837042. Determine w(5).
3
Let s(q) = 139*q + 1261. What is s(-17)?
-1102
Let h(p) = 1065*p**3 - 5*p**2 + 69*p + 70. Determine h(-1).
-1069
Let m(s) = 7*s**2 + 62*s - 121. What is m(2)?
31
Let t(h) = -4138*h - 8016. Give t(-2).
260
Let t(y) = 4654*y - 6050221. Calculate t(1300).
-21
Let z(f) = 2*f**3 - 30*f**2 - 68*f + 59. Determine z(16).
-517
Let a(v) = 217*v**2 - 2610*v + 40. What is a(12)?
-32
Let q(h) = 4*h**2 - 27*h + 372. What is q(11)?
559
Let o(v) = -6215*v - 87000. What is o(-14)?
10
Let k(o) = -25293*o + 4072170. What is k(161)?
-3
Let z(i) = 3*i**2 - 1524*i - 12405. What is z(516)?
-21
Let g(l) = -l**3 + 574*l**2 + 2270*l + 24233. Give g(578).
-43
Let w(t) = -342*t - 5981. What is w(-18)?
175
Let x(p) = -9*p**2 - 908*p - 79. Determine x(-100).
721
Let h(r) = 24*r**2 + 14997*r - 1835. Determine h(-625).
40
Let x(b) = 6441*b - 5481288. Give x(851).
3
Let s(t) = 16914*t**2 + 50551*t - 578. Determine s(-3).
-5
Let q(f) = -3*f**2 - 284*f - 4875. Give q(-72).
21
Let i(f) = 699821*f + 5598578. Calculate i(-8).
10
Let u(z) = -z**3 - 42*z**2 + 999*z - 159. What is u(-59)?
77
Let o(g) = -4*g**2 - 153*g + 1664. Calculate o(9).
-37
Let w(b) = b**2 + 490*b - 5872. Give w(12).
152
Let d(w) = 4*w**3 + 307*w**2 - 71*w - 152. Determine d(-77).
-614
Let f(y) = y**3 + 335*y**2 + 313*y - 7465. Calculate f(-334).
-451
Let d(o) = o**3 + 19*o**2 + 47*o + 126. Determine d(-14).
448
Let t(r) = -4452*r - 6125934. Give t(-1376).
18
Let f(i) = i**3 + 14*i**2 - 5265*i - 10574. What is f(-2)?
4
Let j(i) = i**3 - 22*i**2 - 353*i + 7400. Determine j(24).
80
Let n(g) = -g**3 - 194*g**2 - 354*g - 68653. What is n(-194)?
23
Let u(f) = 334*f - 5993. Give u(24).
2023
Let s(j) = j**3 + 28*j**2 - 344*j - 111. Determine s(-37).
296
Let r(b) = -195*b + 20481. What is r(105)?
6
Let d(s) = 1121*s - 7821. Determine d(7).
26
Let a(y) = -9*y**2 + 45*y + 1022. Calculate a(0).
1022
Let i(p) = 96*p + 21241. Calculate i(-223).
-167
Let k(u) = 44*u - 309. Give k(18).
483
Let l(a) = 2*a**2 - 31612*a - 442963. Calculate l(-14).
-3
Let b(x) = -7*x**2 + 672*x - 1916. Calculate b(93).
37
Let i(a) = a**3 - 5*a**2 - 325*a - 856. What is i(-14)?
-30
Let r(w) = -24*w**2 - 7414*w - 6776. What is r(-308)?
0
Let m(p) = p**3 + 108*p**2 + 444*p - 7298. What is m(-103)?
15
Let c(l) = -l**3 + 434*l**2 - 1320*l + 12094. Give c(431).
457
Let i(y) = 54524*y - 2453579. What is i(45)?
1
Let j(f) = -9*f**3 + 3376*f**2 - 3750*f + 3736. Determine j(374).
-4
Let t(v) = 2*v**3 - 545*v**2 - 15193*v - 1489. What is t(298)?
1
Let n(y) = y**3 + 24*y**2 - 13*y - 241. Determine n(-3).
-13
Let w(o) = -o**2 - 11676*o + 23368. Determine w(2).
12
Let d(y) = y**2 + 377*y - 12164. Calculate d(30).
46
Let d(w) = -2172*w - 693028. Give d(-319).
-160
Let b(k) = k**3 + 29*k**2 - 1167*k - 506. Calculate b(23).
161
Let a(g) = 177904*g - 1067414. Determine a(6).
10
Let y(x) = -x**3 - 8*x**2 + 137*x - 73. Calculate y(-16).
-217
Let i(m) = 3*m**2 - 320*m - 800. Give i(109).
-37
Let y(g) = 3*g**3 + 287*g**2 + 201*g + 1044. Give y(-95).
-1
Let p(i) = -24*i**2 - 3213*i + 3243. Determine p(1).
6
Let v(r) = 83436*r + 2002486. Determine v(-24).
22
Let l(o) = o**3 - 32*o**2 + 5*o + 51. Calculate l(-6).
-1347
Let a(z) = 3872*z**2 - 85231*z + 1042. Give a(22).
8
Let v(w) = -w**3 - 53*w**2 + 1533*w + 71931. What is v(-58)?
-163
Let l(f) = 1419*f - 1535. Give l(1).
-116
Let u(b) = -282*b**2 + 85430*b + 4881. What is u(303)?
33
Let d(w) = 2*w**3 + 31*w**2 + 2*w + 35. Calculate d(-17).
-866
Let c(n) = -n**3 - 162*n**2 - 99*n - 42808. Determine c(-163).
-102
Let l(r) = 119181*r + 714816. What is l(-6)?
-270
Let u(m) = -94695*m - 568173. What is u(-6)?
-3
Let x(n) = -n**2 - 247*n - 2361. What is x(-237)?
9
Let x(o) = -384*o + 117. Give x(0).
117
Let x(j) = -3*j**3 + 5955*j**2 + 330318*j + 4. Determine x(-54).
4
Let q(c) = -c**3 - 34*c**2 - 277*c + 123. Determine q(-15).
3
Let k(r) = 1169*r + 82984. Calculate k(-71).
-15
Let o(h) = h**3 + 16*h**2 + 397*h + 1066. Determine o(-3).
-8
Let d(o) = -185866*o + 371690. What is d(2)?
-42
Let v(y) = -17*y**3 - 155*y**2 - 44*y - 234. Calculate v(-9).
0
Let p(r) = -r**3 + 15*r**2 + 36*r + 166. Calculate p(18).
-158
Let s(t) = 643*t + 432. Determine s(-1).
-211
Let r(p) = -4908*p + 2561975. Give r(522).
-1
Let l(w) = 6007*w + 12867. Determine l(-2).
853
Let x(a) = a**2 + 20866*a - 250756. Give x(12).
-220
Let d(i) = i**3 - 54*i**2 - 433*i + 503. What is d(61)?
137
Let s(q) = 23*q**2 - 341*q - 2900. Determine s(-6).
-26
Let i(m) = -m**2 + 17093*m + 359389. Give i(-21).
-5
Let j(i) = 1509*i**2 + 2006*i + 31. What is j(-2)?
2055
Let z(t) = -18*t**3 - 331*t**2 - 1257*t + 35. What is z(-13)?
-17
Let k(y) = -y**2 - 4251*y - 3954483. What is k(-1375)?
17
Let z(f) = -36197*f - 1158329. What is z(-32)?
-25
Let a(q) = -q**3 + 95*q**2 - 1335*q - 16205. Calculate a(74).
1
Let l(w) = w**3 + 141*w**2 - 791*w - 51702. Give l(-144).
-6
Let m(c) = 203*c + 2228. Determine m(-14).
-614
Let y(f) = 6*f**2 + 82*f + 849. What is y(0)?
849
Let q(s) = 104549*s + 522776. Determine q(-5).
31
Let h(i) = -34*i**3 + 4521*i**2 + 135*i - 265. Give h(133).
1
Let w(d) = -399*d**2 + 1519*d + 36. Calculate w(4).
-272
Let g(m) = -2*m**2 - 1068*m - 83364. Determine g(-95).
46
Let j(m) = m**3 - 11*m**2 - 33*m + 704. Give j(11).
341
Let b(t) = -42*t**2 - 13355*t + 316. Give b(-318).
-2
Let g(r) = -r**3 + 256*r**2 - 1015*r + 268. Give g(252).
-1496
Let w(q) = -q**3 - 84*q**2 + 231*q + 1098. What is w(-86)?
-3976
Let x(g) = g**3 + 206*g**2 - 860*g + 84. Calculate x(4).
4
Let a(u) = -26*u**2 + 14800*u + 120066. Determine a(-8).
2
Let y(a) = 10579*a + 423136. Determine y(-40).
-24
Let p(k) = -3*k**2 - 24546*k - 318596. Calculate p(-13).
-5
Let x(w) = -99*w**2 + 754*w - 866. Determine x(7).
-439
Let d(f) = 61545*f - 61558. Give d(1).
-13
Let p(d) = -182125*d + 4188934. Calculate p(23).
59
Let o(l) = -3185*l - 1576654. What is o(-495)?
-79
Let q(c) = -c**2 + 40*c - 353. Determine q(-27).
-2162
Let t(o) = 1303*o - 6339. Give t(5).
176
Let c(w) = -8*w**2 - 51*w + 1479. Determine c(-22).
-1271
Let h(a) = a**2 - 2531*a - 3681609. Determine h(-1033).
3
Let s(w) = w**3 + 37*w**2 + 338*w + 130. What is s(-18)?
202
Let a(k) = -k**3 - 337*k**2 - 342*k - 2096. Calculate a(-336).
-80
Let r(c) = 2*c**3 + 188*c**2 + 16*c - 2336. What is r(-94)?
-3840
Let r(s) = -2*s**3 - 567*s**2 - 37959*s + 2786. Give r(-175).
-14
Let v(r) = -429810*r - 1289499. Give v(-3).
-69
Let l(r) = -2*r**3 + 110*r**2 - 831*r + 72. Calculate l(46).
-66
Let c(w) = 9*w**3 + 27*w**2 - 126*w - 1051. Determine c(-7).
-1933
Let t(j) = 1398*j - 2078. Give t(2).
718
Let j(b) = b**2 + 59*b - 1491. Calculate j(-77).
-105
Let u(a) = a**3 - 10*a**2 + 103*a - 437. Give u(6).
37
Let y(o) = o**3 + 77*o**2 + 498*o + 32041. Determine y(-76).
-31
Let l(s) = -958*s - 1274. Give l(0).
-1274
Let v(w) = -w**3 - 94*w**2 - 711*w - 108108. Give v(-98).
-14
Let o(j) = j**3 + 20*j**2 - 547*j - 26. Determine o(-36).
-1070
Let l(a) = 6*a**3 - 15*a**2 - 127*a + 9. Calculate l(-5).
-481
Let q(k) = 976*k - 54660. Calculate q(56).
-4
Let i(r) = 21547*r + 1335903. Calculate i(-62).
-11
Let x(j) = 313*j**2 + 121369*j - 29102. Determine x(-388).
-2
Let f(y) = -11*y**3 + 419*y**2 - 75*y + 1420. Calculate f(38).
14
Let y(c) = -2*c**2 - 577*c + 26124. Give y(40).
-156
Let g(z) = -3*z**2 - 912*z - 23925. Determine g(-275).
0
Let u(p) = -174*p - 28178. Give u(-162).
10
Let x(h) = -h**3 - 145*h**2 + 4634*h - 173. Determine x(27).
-443
Let d(f) = 5*f**2 + 162*f - 997. Ca